{"id":29,"date":"2023-10-12T15:56:09","date_gmt":"2023-10-12T15:56:09","guid":{"rendered":"https:\/\/www.digitaldetoxdesign.it\/?page_id=29"},"modified":"2024-03-21T13:10:22","modified_gmt":"2024-03-21T13:10:22","slug":"concept","status":"publish","type":"page","link":"https:\/\/www.digitaldetoxdesign.it\/it\/concept\/","title":{"rendered":"Concept"},"content":{"rendered":"\n<h2 class=\"wp-block-heading\">Digital Detox Design unisce designer, brand e artisti per promuovere iniziative di valore orientate all\u2019uso consapevole delle tecnologie digitali.\u00a0<\/h2>\n\n\n\n<div class=\"wp-block-columns is-layout-flex wp-container-core-columns-is-layout-28f84493 wp-block-columns-is-layout-flex\">\n<div class=\"wp-block-column is-layout-flow wp-block-column-is-layout-flow\">\n<p>A fianco di importanti opportunit\u00e0, <strong>il mondo digitale sta producendo effetti negativi sulla qualit\u00e0 delle nostre vite<\/strong> sia livello individuale che sociale quali riduzione della concentrazione, stress da approvazione, problemi di memoria, isolamento. Se da un lato infatti non \u00e8 mai stato cos\u00ec semplice reperire informazioni, restare in contatto con gli altri, fruire di servizi in modo comodo e agevole, dall\u2019altro <strong>l\u2019iperconnessione manifesta aspetti tutt\u2019altro che auspicabili<\/strong>.<\/p>\n\n\n\n<p>A partire dalle riflessioni di <strong>professionisti dell<\/strong>a <strong>comunicazione<\/strong>, <strong>psicologi<\/strong> e <strong>filosofi<\/strong> ci siamo chiesti come la cultura progettuale potesse aiutare a elevare il design a un livello superiore per rispondere anzitutto alla nostra esigenza pi\u00f9 profonda, essere umani. <strong>Come possono oggetti, complementi di arredo, profumi e sistemi di illuminazione aiutarci a recuperare profondit\u00e0 nella nostra quotidianit\u00e0?<\/strong><\/p>\n<\/div>\n\n\n\n<div class=\"wp-block-column is-layout-flow wp-block-column-is-layout-flow\">\n<p>Convinti che per riappropriarci del senso del nostro agire, della <strong>bellezza<\/strong> e <strong>dell\u2019intensit\u00e0<\/strong> <strong>del<\/strong> <strong>momento<\/strong> occorrano tempo di qualit\u00e0, ascolto, silenzio e buone relazioni, creiamo esperienze uniche tra arte e design in cui vivere appieno il <strong>presente<\/strong>.<\/p>\n\n\n\n<p><strong>Digital Detox Design<\/strong> invita cos\u00ec a depurarsi dal sovraccarico informativo attraverso installazioni e percorsi in cui respirare e poter interagire con la materia e le persone, portando l\u2019attenzione sull\u2019importanza di <strong>disconnetterci<\/strong> dai nostri smartphone <strong>per riconnetterci<\/strong> con altre dimensioni di vita. Per farlo cerchiamo di conoscere meglio la nostra tecnologia pi\u00f9 sofisticata, la mente, attraverso un approccio mindul all&#8217;esistenza, e di metterla in relazione quanto progettiamo secondo princ\u00ecpi di <strong>ergonomia cognitiva<\/strong> ed emozionale.<\/p>\n<\/div>\n<\/div>\n\n\n\n<div style=\"height:100px\" aria-hidden=\"true\" class=\"wp-block-spacer\"><\/div>\n\n\n\n<div class=\"wp-block-columns is-layout-flex wp-container-core-columns-is-layout-28f84493 wp-block-columns-is-layout-flex\">\n<div class=\"wp-block-column is-layout-flow wp-block-column-is-layout-flow\" style=\"flex-basis:20%\"><\/div>\n\n\n\n<div class=\"wp-block-column is-layout-flow wp-block-column-is-layout-flow\">\n<div class=\"wp-block-group has-global-padding is-layout-constrained wp-container-core-group-is-layout-19e250f3 wp-block-group-is-layout-constrained\">\n<h3 class=\"wp-block-heading\"><strong>Vision<\/strong><\/h3>\n\n\n\n<p>Vogliamo un mondo capace di integrare in modo consapevole le tecnologie digitali, in cui uomo e ambiente siano al centro di ogni esperienza e non dati al servizio di algoritmi. Un mondo libero da stereotipi in cui non tutto debba essere connesso e comunicato.<\/p>\n<\/div>\n\n\n\n<div class=\"wp-block-group has-global-padding is-layout-constrained wp-container-core-group-is-layout-19e250f3 wp-block-group-is-layout-constrained\">\n<h3 class=\"wp-block-heading\"><strong>Mission<\/strong><\/h3>\n\n\n\n<p>Creiamo esperienze di riconnessione con la materia e le persone grazie a percorsi tra arte e design, in cui vivere la bellezza. Promuoviamo una cultura consapevole delle tecnologie sostenendo il lavoro di brand, designer e artisti.<\/p>\n<\/div>\n\n\n\n<div class=\"wp-block-group has-global-padding is-layout-constrained wp-container-core-group-is-layout-19e250f3 wp-block-group-is-layout-constrained\">\n<h3 class=\"wp-block-heading\"><strong>Valori<\/strong><\/h3>\n\n\n\n<p>Al centro della moderna cultura progettuale poniamo la felicit\u00e0 che passa necessariamente da un senso di condivisione profonda, dal rispetto dell\u2019ambiente, delle culture e delle differenze. Immaginiamo ogni giorno nuovi spazi di vita, diversi da quelli a cui siamo stati educati.&nbsp;<\/p>\n<\/div>\n<\/div>\n\n\n\n<div class=\"wp-block-column is-layout-flow wp-block-column-is-layout-flow\" style=\"flex-basis:20%\"><\/div>\n<\/div>\n\n\n\n<div style=\"height:100px\" aria-hidden=\"true\" class=\"wp-block-spacer\"><\/div>\n\n\n\n<div class=\"wp-block-columns is-layout-flex wp-container-core-columns-is-layout-28f84493 wp-block-columns-is-layout-flex\">\n<div class=\"wp-block-column is-layout-flow wp-block-column-is-layout-flow\" style=\"flex-basis:20%\"><\/div>\n\n\n\n<div class=\"wp-block-column is-layout-flow wp-block-column-is-layout-flow\">\n<div class=\"wp-block-group has-global-padding is-layout-constrained wp-container-core-group-is-layout-19e250f3 wp-block-group-is-layout-constrained\">\n<h3 class=\"wp-block-heading has-text-align-center\">Alessio Conti<\/h3>\n\n\n\n<h6 class=\"wp-block-heading has-text-align-center\">Direttore Artistico<\/h6>\n\n\n\n<div style=\"height:40px\" aria-hidden=\"true\" class=\"wp-block-spacer\"><\/div>\n\n\n\n<figure class=\"wp-block-image aligncenter size-full is-resized wp-duotone-grayscale\"><img decoding=\"async\" width=\"400\" height=\"400\" src=\"https:\/\/www.digitaldetoxdesign.it\/wp-content\/uploads\/2023\/10\/alessio-conti.jpg\" alt=\"\" class=\"wp-image-51\" style=\"aspect-ratio:1;width:300px;height:auto\" srcset=\"https:\/\/www.digitaldetoxdesign.it\/wp-content\/uploads\/2023\/10\/alessio-conti.jpg 400w, https:\/\/www.digitaldetoxdesign.it\/wp-content\/uploads\/2023\/10\/alessio-conti-300x300.jpg 300w, https:\/\/www.digitaldetoxdesign.it\/wp-content\/uploads\/2023\/10\/alessio-conti-150x150.jpg 150w\" sizes=\"(max-width: 400px) 100vw, 400px\" \/><\/figure>\n\n\n\n<div style=\"height:54px\" aria-hidden=\"true\" class=\"wp-block-spacer\"><\/div>\n\n\n\n<p class=\"has-text-align-left\">Alessio Conti parla tantissimo. \u00c8 consulente marketing e formatore e lavora come uno scoiattolo (solo lui sa cosa voglia dire). Sognatore inossidabile e fuori dagli schemi crede in un marketing capace di generare valore in modo trasparente, etico e sostenibile: un marketing che emoziona portando cultura e bellezza.<\/p>\n\n\n\n<p class=\"has-text-align-left\"><br>Collabora con brand del settore arredamento, studi di architettura, designer indipendenti e ed \u00e8 co-organizzatore di TEDxReggioEmilia e Bologna Design Week. \u00c8 membro inoltre di Social Warning &#8211; Movimento Etico Digitale. Laureato in Scienze della Comunicazione, ha poi approfondito studi di Filosofia a Bologna e ora frequenta un Master in Contemplative Studies presso la Facolt\u00e0 di Psicologia di Padova.<br>Digital Detox Design, di cui \u00e8 direttore artistico, \u00e8 il suo progetto nato grazie alla collaborazione tra aziende produttrici, designer e artisti e professionisti del benessere.<\/p>\n<\/div>\n\n\n\n<p class=\"has-text-align-left\"><a href=\"https:\/\/alessio-conti.it\/\"><strong>https:\/\/alessio-conti.it\/<\/strong><\/a><\/p>\n<\/div>\n\n\n\n<div class=\"wp-block-column is-layout-flow wp-block-column-is-layout-flow\" style=\"flex-basis:20%\"><\/div>\n<\/div>\n","protected":false},"excerpt":{"rendered":"<p>Digital Detox Design unisce designer, brand e artisti per promuovere iniziative di valore orientate all\u2019uso consapevole delle tecnologie digitali.\u00a0 A fianco di importanti opportunit\u00e0, il mondo digitale sta producendo effetti negativi sulla qualit\u00e0 delle nostre vite sia livello individuale che sociale quali riduzione della concentrazione, stress da approvazione, problemi di memoria, isolamento. Se da un [&hellip;]<\/p>\n","protected":false},"author":3,"featured_media":0,"parent":0,"menu_order":0,"comment_status":"closed","ping_status":"closed","template":"","meta":{"footnotes":""},"class_list":["post-29","page","type-page","status-publish","hentry"],"_links":{"self":[{"href":"https:\/\/www.digitaldetoxdesign.it\/it\/wp-json\/wp\/v2\/pages\/29","targetHints":{"allow":["GET"]}}],"collection":[{"href":"https:\/\/www.digitaldetoxdesign.it\/it\/wp-json\/wp\/v2\/pages"}],"about":[{"href":"https:\/\/www.digitaldetoxdesign.it\/it\/wp-json\/wp\/v2\/types\/page"}],"author":[{"embeddable":true,"href":"https:\/\/www.digitaldetoxdesign.it\/it\/wp-json\/wp\/v2\/users\/3"}],"replies":[{"embeddable":true,"href":"https:\/\/www.digitaldetoxdesign.it\/it\/wp-json\/wp\/v2\/comments?post=29"}],"version-history":[{"count":19,"href":"https:\/\/www.digitaldetoxdesign.it\/it\/wp-json\/wp\/v2\/pages\/29\/revisions"}],"predecessor-version":[{"id":458,"href":"https:\/\/www.digitaldetoxdesign.it\/it\/wp-json\/wp\/v2\/pages\/29\/revisions\/458"}],"wp:attachment":[{"href":"https:\/\/www.digitaldetoxdesign.it\/it\/wp-json\/wp\/v2\/media?parent=29"}],"curies":[{"name":"wp","href":"https:\/\/api.w.org\/{rel}","templated":true}]}}

<h2 class="wp-block-heading">Digital Detox Design unisce designer, brand e artisti per promuovere iniziative di valore orientate all’uso consapevole delle tecnologie digitali. </h2>



<div class="wp-block-columns is-layout-flex wp-container-core-columns-is-layout-28f84493 wp-block-columns-is-layout-flex">
<div class="wp-block-column is-layout-flow wp-block-column-is-layout-flow">
<p>A fianco di importanti opportunità, <strong>il mondo digitale sta producendo effetti negativi sulla qualità delle nostre vite</strong> sia livello individuale che sociale quali riduzione della concentrazione, stress da approvazione, problemi di memoria, isolamento. Se da un lato infatti non è mai stato così semplice reperire informazioni, restare in contatto con gli altri, fruire di servizi in modo comodo e agevole, dall’altro <strong>l’iperconnessione manifesta aspetti tutt’altro che auspicabili</strong>.</p>



<p>A partire dalle riflessioni di <strong>professionisti dell</strong>a <strong>comunicazione</strong>, <strong>psicologi</strong> e <strong>filosofi</strong> ci siamo chiesti come la cultura progettuale potesse aiutare a elevare il design a un livello superiore per rispondere anzitutto alla nostra esigenza più profonda, essere umani. <strong>Come possono oggetti, complementi di arredo, profumi e sistemi di illuminazione aiutarci a recuperare profondità nella nostra quotidianità?</strong></p>
</div>



<div class="wp-block-column is-layout-flow wp-block-column-is-layout-flow">
<p>Convinti che per riappropriarci del senso del nostro agire, della <strong>bellezza</strong> e <strong>dell’intensità</strong> <strong>del</strong> <strong>momento</strong> occorrano tempo di qualità, ascolto, silenzio e buone relazioni, creiamo esperienze uniche tra arte e design in cui vivere appieno il <strong>presente</strong>.</p>



<p><strong>Digital Detox Design</strong> invita così a depurarsi dal sovraccarico informativo attraverso installazioni e percorsi in cui respirare e poter interagire con la materia e le persone, portando l’attenzione sull’importanza di <strong>disconnetterci</strong> dai nostri smartphone <strong>per riconnetterci</strong> con altre dimensioni di vita. Per farlo cerchiamo di conoscere meglio la nostra tecnologia più sofisticata, la mente, attraverso un approccio mindul all&#8217;esistenza, e di metterla in relazione quanto progettiamo secondo princìpi di <strong>ergonomia cognitiva</strong> ed emozionale.</p>
</div>
</div>



<div style="height:100px" aria-hidden="true" class="wp-block-spacer"></div>



<div class="wp-block-columns is-layout-flex wp-container-core-columns-is-layout-28f84493 wp-block-columns-is-layout-flex">
<div class="wp-block-column is-layout-flow wp-block-column-is-layout-flow" style="flex-basis:20%"></div>



<div class="wp-block-column is-layout-flow wp-block-column-is-layout-flow">
<div class="wp-block-group has-global-padding is-layout-constrained wp-container-core-group-is-layout-19e250f3 wp-block-group-is-layout-constrained">
<h3 class="wp-block-heading"><strong>Vision</strong></h3>



<p>Vogliamo un mondo capace di integrare in modo consapevole le tecnologie digitali, in cui uomo e ambiente siano al centro di ogni esperienza e non dati al servizio di algoritmi. Un mondo libero da stereotipi in cui non tutto debba essere connesso e comunicato.</p>
</div>



<div class="wp-block-group has-global-padding is-layout-constrained wp-container-core-group-is-layout-19e250f3 wp-block-group-is-layout-constrained">
<h3 class="wp-block-heading"><strong>Mission</strong></h3>



<p>Creiamo esperienze di riconnessione con la materia e le persone grazie a percorsi tra arte e design, in cui vivere la bellezza. Promuoviamo una cultura consapevole delle tecnologie sostenendo il lavoro di brand, designer e artisti.</p>
</div>



<div class="wp-block-group has-global-padding is-layout-constrained wp-container-core-group-is-layout-19e250f3 wp-block-group-is-layout-constrained">
<h3 class="wp-block-heading"><strong>Valori</strong></h3>



<p>Al centro della moderna cultura progettuale poniamo la felicità che passa necessariamente da un senso di condivisione profonda, dal rispetto dell’ambiente, delle culture e delle differenze. Immaginiamo ogni giorno nuovi spazi di vita, diversi da quelli a cui siamo stati educati.&nbsp;</p>
</div>
</div>



<div class="wp-block-column is-layout-flow wp-block-column-is-layout-flow" style="flex-basis:20%"></div>
</div>



<div style="height:100px" aria-hidden="true" class="wp-block-spacer"></div>



<div class="wp-block-columns is-layout-flex wp-container-core-columns-is-layout-28f84493 wp-block-columns-is-layout-flex">
<div class="wp-block-column is-layout-flow wp-block-column-is-layout-flow" style="flex-basis:20%"></div>



<div class="wp-block-column is-layout-flow wp-block-column-is-layout-flow">
<div class="wp-block-group has-global-padding is-layout-constrained wp-container-core-group-is-layout-19e250f3 wp-block-group-is-layout-constrained">
<h3 class="wp-block-heading has-text-align-center">Alessio Conti</h3>



<h6 class="wp-block-heading has-text-align-center">Direttore Artistico</h6>



<div style="height:40px" aria-hidden="true" class="wp-block-spacer"></div>



<figure class="wp-block-image aligncenter size-full is-resized wp-duotone-grayscale"><img decoding="async" width="400" height="400" src="https://www.digitaldetoxdesign.it/wp-content/uploads/2023/10/alessio-conti.jpg" alt="" class="wp-image-51" style="aspect-ratio:1;width:300px;height:auto" srcset="https://www.digitaldetoxdesign.it/wp-content/uploads/2023/10/alessio-conti.jpg 400w, https://www.digitaldetoxdesign.it/wp-content/uploads/2023/10/alessio-conti-300x300.jpg 300w, https://www.digitaldetoxdesign.it/wp-content/uploads/2023/10/alessio-conti-150x150.jpg 150w" sizes="(max-width: 400px) 100vw, 400px" /></figure>



<div style="height:54px" aria-hidden="true" class="wp-block-spacer"></div>



<p class="has-text-align-left">Alessio Conti parla tantissimo. È consulente marketing e formatore e lavora come uno scoiattolo (solo lui sa cosa voglia dire). Sognatore inossidabile e fuori dagli schemi crede in un marketing capace di generare valore in modo trasparente, etico e sostenibile: un marketing che emoziona portando cultura e bellezza.</p>



<p class="has-text-align-left"><br>Collabora con brand del settore arredamento, studi di architettura, designer indipendenti e ed è co-organizzatore di TEDxReggioEmilia e Bologna Design Week. È membro inoltre di Social Warning &#8211; Movimento Etico Digitale. Laureato in Scienze della Comunicazione, ha poi approfondito studi di Filosofia a Bologna e ora frequenta un Master in Contemplative Studies presso la Facoltà di Psicologia di Padova.<br>Digital Detox Design, di cui è direttore artistico, è il suo progetto nato grazie alla collaborazione tra aziende produttrici, designer e artisti e professionisti del benessere.</p>
</div>



<p class="has-text-align-left"><a href="https://alessio-conti.it/"><strong>https://alessio-conti.it/</strong></a></p>
</div>



<div class="wp-block-column is-layout-flow wp-block-column-is-layout-flow" style="flex-basis:20%"></div>
</div>

<p>Digital Detox Design unisce designer, brand e artisti per promuovere iniziative di valore orientate all’uso consapevole delle tecnologie digitali.  A fianco di importanti opportunità, il mondo digitale sta producendo effetti negativi sulla qualità delle nostre vite sia livello individuale che sociale quali riduzione della concentrazione, stress da approvazione, problemi di memoria, isolamento. Se da un [&hellip;]</p>
